{"id":3068,"date":"2017-10-14T22:34:19","date_gmt":"2017-10-14T20:34:19","guid":{"rendered":"http:\/\/www.sincosrl.it\/ricondizionamento-serbatoi\/?page_id=3068"},"modified":"2022-07-08T17:22:16","modified_gmt":"2022-07-08T15:22:16","slug":"distributori-mobili","status":"publish","type":"page","link":"https:\/\/www.sincosrl.it\/ricondizionamento-serbatoi\/prodotti\/distributori-mobili\/","title":{"rendered":"Distributori mobili di carburante"},"content":{"rendered":"<p>[vc_row][vc_column width=&#8221;1\/2&#8243;][vc_gallery type=&#8221;flexslider_slide&#8221; interval=&#8221;3&#8243; images=&#8221;3161,3157,3153&#8243; img_size=&#8221;full&#8221;][\/vc_column][vc_column width=&#8221;1\/2&#8243;][vc_custom_heading text=&#8221;Modelli disponibili&#8221; use_theme_fonts=&#8221;yes&#8221; el_class=&#8221;title&#8221;][vc_column_text]<\/p>\n<table>\n<thead>\n<tr>\n<th>Tipologia<\/th>\n<th>DM1<\/th>\n<th>DM1.5<\/th>\n<th>DM3<\/th>\n<th>DM5<\/th>\n<th>DM7<\/th>\n<th>DM9<\/th>\n<\/tr>\n<\/thead>\n<tbody>\n<tr>\n<td>Capacit\u00e0 (litri)<\/td>\n<td>1000<\/td>\n<td>1500<\/td>\n<td>3000<\/td>\n<td>5000<\/td>\n<td>7000<\/td>\n<td>9000<\/td>\n<\/tr>\n<tr>\n<td>Diametro (mm)<\/td>\n<td>1100<\/td>\n<td>1100<\/td>\n<td>1400<\/td>\n<td>1800<\/td>\n<td>1800<\/td>\n<td>1800<\/td>\n<\/tr>\n<tr>\n<td>Lunghezza (mm)<\/td>\n<td>1250<\/td>\n<td>1750<\/td>\n<td>2300<\/td>\n<td>2190<\/td>\n<td>2990<\/td>\n<td>3690<\/td>\n<\/tr>\n<tr>\n<td>Spessore (mm)<\/td>\n<td>3<\/td>\n<td>3<\/td>\n<td>3<\/td>\n<td>3<\/td>\n<td>3<\/td>\n<td>3<\/td>\n<\/tr>\n<tr>\n<td>Peso (Kg)<\/td>\n<td>161<\/td>\n<td>190<\/td>\n<td>357<\/td>\n<td>467<\/td>\n<td>576<\/td>\n<td>670<\/td>\n<\/tr>\n<\/tbody>\n<\/table>\n<p>[\/vc_column_text][\/vc_column][\/vc_row][vc_row][vc_column][vc_empty_space][vc_column_text]Il Distributore Mobile \u00e8 uno strumento di grande versatilit\u00e0 per approvvigionare di gasolio macchine ed automezzi impiegati in cave e cantieri o all\u2019interno di aziende agricole o di trasporto.<br \/>\nI Distributori Mobili <strong>SINCO<\/strong> sono ad asse orizzontale cilindrici, costruiti con lamiere in acciaio tipo \u201cfe 360B\u201d, sabbiati a grado \u201cSA 2,5\u201d, verniciati con smalto blu su uno strato di antiruggine a base di zinco e testati pneumaticamente ad 1 bar. Il Bacino di Contenimento \u00e8 realizzato con capacit\u00e0 pari al 50% del volume nominale del serbatoio con scarico di fondo. La Tettoia, opzionale, \u00e8 in lamierino ondulato zincato su struttura tubolare in ferro.<\/p>\n<p><i>Omologati a norma di legge secondo il D.M. 31\/7\/34 Titolo I N. XVII, il D.M. 19\/3\/90 ed il D.M. 12\/09\/2003, approvati dal Ministero dell\u2019Interno.<\/i>[\/vc_column_text][vc_custom_heading text=&#8221;Dotazione standard&#8221; use_theme_fonts=&#8221;yes&#8221; el_class=&#8221;title&#8221;]<ul class='list list-circle-check'><li>Elettropompa da 50 l\/min (220V-50Hz)<\/li><li>Pistola automatica con porta pistola lucchettabile e 4 m. di tubo in gomma antiolio<\/li><li>Cassetta custodia per preservare tutta la parte elettrica dalle intemperie<\/li><li>Conta-litri meccanico con numeratore totale e parziale azzerabile<\/li><li>Indicatore di livello a galleggiante<\/li><li>Filtro sul pescante<\/li><li>Passo d\u2019uomo di 400 mm per ispezione con sfiato a reticella, tappo di carico da 3\u201c con attacco rapido e valvola imitatrice di carico omologata<\/li><li>Impianto elettrico con interruttore a basso livello (a norma GU. 221 del 23\/09\/2003)<\/li><li>Golfare di sollevamento<\/li><li>Scaletta di servizio (con esclusione dei modelli DM1, DM1.5 e DM3)<\/li><\/ul>[vc_column_text]Su richiesta i Distributori Mobili possono essere dotati di un sistema di erogazione attivato da schede magnetiche personalizzate, collegabile via cavo ad un computer per la gestione centralizzata del parco veicoli o essere corredati di colonnine Self Service Utente con diverse prestazioni, chiavi d\u2019accesso a personale autorizzato, emissione Ticket su stampante locale, gestionale per codice automezzo, data e ora prelievo ecc.[\/vc_column_text][vc_custom_heading text=&#8221;Documenti a corredo&#8221; use_theme_fonts=&#8221;yes&#8221; el_class=&#8221;title&#8221;]<ul class='list list-circle-check'><li>Certificato di Collaudo<\/li><li>Dichiarazione di conformit\u00e0 al serbatoio omologato<\/li><li>Certificato di Omologazione del Ministero dell\u2019Interno conforme al D.M. 19\/03\/1990<\/li><li>Tabella metrica-capacitiva<\/li><li>Manuale d\u2019uso e manutenzione (certificato Ce)<\/li><\/ul>[\/vc_column][\/vc_row]<\/p>\n","protected":false},"excerpt":{"rendered":"<p> &hellip;<\/p>\n","protected":false},"author":1,"featured_media":0,"parent":3057,"menu_order":0,"comment_status":"closed","ping_status":"closed","template":"","meta":[],"_links":{"self":[{"href":"https:\/\/www.sincosrl.it\/ricondizionamento-serbatoi\/wp-json\/wp\/v2\/pages\/3068"}],"collection":[{"href":"https:\/\/www.sincosrl.it\/ricondizionamento-serbatoi\/wp-json\/wp\/v2\/pages"}],"about":[{"href":"https:\/\/www.sincosrl.it\/ricondizionamento-serbatoi\/wp-json\/wp\/v2\/types\/page"}],"author":[{"embeddable":true,"href":"https:\/\/www.sincosrl.it\/ricondizionamento-serbatoi\/wp-json\/wp\/v2\/users\/1"}],"replies":[{"embeddable":true,"href":"https:\/\/www.sincosrl.it\/ricondizionamento-serbatoi\/wp-json\/wp\/v2\/comments?post=3068"}],"version-history":[{"count":11,"href":"https:\/\/www.sincosrl.it\/ricondizionamento-serbatoi\/wp-json\/wp\/v2\/pages\/3068\/revisions"}],"predecessor-version":[{"id":3652,"href":"https:\/\/www.sincosrl.it\/ricondizionamento-serbatoi\/wp-json\/wp\/v2\/pages\/3068\/revisions\/3652"}],"up":[{"embeddable":true,"href":"https:\/\/www.sincosrl.it\/ricondizionamento-serbatoi\/wp-json\/wp\/v2\/pages\/3057"}],"wp:attachment":[{"href":"https:\/\/www.sincosrl.it\/ricondizionamento-serbatoi\/wp-json\/wp\/v2\/media?parent=3068"}],"curies":[{"name":"wp","href":"https:\/\/api.w.org\/{rel}","templated":true}]}}