{"id":3111,"date":"2017-10-15T00:13:18","date_gmt":"2017-10-14T22:13:18","guid":{"rendered":"http:\/\/www.sincosrl.it\/ricondizionamento-serbatoi\/?page_id=3111"},"modified":"2024-06-28T12:01:21","modified_gmt":"2024-06-28T10:01:21","slug":"azienda","status":"publish","type":"page","link":"https:\/\/www.sincosrl.it\/ricondizionamento-serbatoi\/azienda\/","title":{"rendered":"Azienda"},"content":{"rendered":"<p>[vc_row css=&#8221;.vc_custom_1510340374898{margin-bottom: 30px !important;}&#8221;][vc_column width=&#8221;1\/2&#8243;][vc_custom_heading text=&#8221;L&#8217;AZIENDA&#8221; use_theme_fonts=&#8221;yes&#8221; el_class=&#8221;title&#8221;][vc_empty_space height=&#8221;20px&#8221;][vc_column_text]<strong>SINCO srl<\/strong> \u00e8 specializzata nella riqualifica di serbatoi GPL e nell\u2019assemblaggio, finitura e commercializzazione di distributori mobili e serbatoi per carburanti.<\/p>\n<p>Avvalendosi dell\u2019affidabilit\u00e0 e dell\u2019esperienza maturata dalle proprie risorse umane e spinta dall\u2019innato spirito innovativo che la contraddistingue,\u00a0<strong>SINCO srl<\/strong>\u00a0ha consolidato, in pi\u00f9 di 30 anni di attivit\u00e0, la propria presenza sul mercato. Il suo sistema organizzativo \u00e8 in grado di rispondere con flessibilit\u00e0 alle esigenze della clientela nel pieno rispetto dei tempi di consegna e degli alti standard qualitativi che da sempre rappresentano un punto di forza per l\u2019azienda.<\/p>\n<p><strong>SINCO srl<\/strong>, inoltre, commercializza articoli alimentati a GPL, quali barbecue, cucine da esterno, generatori di corrente, stufe da interno e da esterno.[\/vc_column_text][\/vc_column][vc_column width=&#8221;1\/2&#8243;][vc_single_image image=&#8221;2852&#8243; img_size=&#8221;full&#8221;][\/vc_column][\/vc_row][vc_row css=&#8221;.vc_custom_1460122496361{margin-bottom: 30px !important;}&#8221;][vc_column width=&#8221;1\/2&#8243;][vc_single_image image=&#8221;2862&#8243; img_size=&#8221;full&#8221;][\/vc_column][vc_column width=&#8221;1\/2&#8243;][vc_custom_heading text=&#8221;MISSION&#8221; use_theme_fonts=&#8221;yes&#8221; el_class=&#8221;title&#8221;][vc_empty_space height=&#8221;20px&#8221;][vc_column_text]Guidato con sapienza ed esperienza da Pasquale Tramontano, il management della <strong>SINCO srl<\/strong> \u00e8 formato da persone qualificate e fortemente motivate che fanno della soddisfazione del Cliente uno dei principali obiettivi aziendali, rispettando valori assoluti quali: sicurezza, qualit\u00e0 ed ambiente!<\/p>\n<p>Fornitrice in Italia delle principali aziende del settore <a href=\"https:\/\/www.sincosrl.it\/ricondizionamento-serbatoi\/perche-il-gpl\/\">GPL<\/a>, <strong>SINCO srl<\/strong> si distingue per:<\/p>\n<ul class=\"arrow\">\n<li>Grande cura ed attenzione alle richieste del cliente<\/li>\n<li>Continua innovazione<\/li>\n<li>Elevati standard di qualit\u00e0<\/li>\n<li>Formazione costante del personale<\/li>\n<li>Assistenza rapida e continua<\/li>\n<\/ul>\n<p>[\/vc_column_text][\/vc_column][\/vc_row][vc_row full_width=&#8221;stretch_row&#8221; css=&#8221;.vc_custom_1508761818324{border-bottom-width: 50px !important;background-color: #f8f9f9 !important;}&#8221;][vc_column][vc_custom_heading text=&#8221;&#8221; use_theme_fonts=&#8221;yes&#8221; el_class=&#8221;title&#8221;]<div class='logos-wrapper style-1'><ul class='clients clients-col-8' ><\/ul><\/div>[\/vc_column][\/vc_row][vc_row css=&#8221;.vc_custom_1460122496361{margin-bottom: 30px !important;}&#8221;][vc_column width=&#8221;1\/2&#8243;][vc_single_image image=&#8221;3678&#8243; img_size=&#8221;full&#8221;][\/vc_column][vc_column width=&#8221;1\/2&#8243;][vc_custom_heading text=&#8221;CERTIFICAZIONI&#8221; use_theme_fonts=&#8221;yes&#8221; el_class=&#8221;title&#8221;][vc_empty_space height=&#8221;20px&#8221;][vc_column_text]<strong>SINCO srl<\/strong> sin dalla sua nascita si \u00e8 sempre distinta per la qualit\u00e0 dei suoi processi produttivi e per la continua ricerca di soluzioni tecnologicamente avanzate ed innovative.<\/p>\n<p>A tal fine sono state conseguite pi\u00f9 certificazioni, tra le quali:<\/p>\n<ul class=\"arrow\">\n<li>UNI EN ISO 9001:2015<\/li>\n<li>Approvazione di tipo n. DCPST\/A7\/1241\/AT\/09238 del 05\/03\/2018 rilasciata dal Ministero degli Interni per i Distributori Mobili<\/li>\n<li>Certificato n. 014\/2019 del 12\/03\/2019 rilasciato dal Ministero delle Infrastrutture e dei Trasporti per G.I.R. (grandi recipienti per il trasporto alla rinfusa)<\/li>\n<\/ul>\n<p>[\/vc_column_text][\/vc_column][\/vc_row][vc_row full_width=&#8221;stretch_row&#8221; el_class=&#8221;no-bottom-padding-row&#8221; css=&#8221;.vc_custom_1460116763365{background-color: #3498db !important;}&#8221;][vc_column css=&#8221;.vc_custom_1453297044468{padding-top: 0px !important;}&#8221;]<div class=\"download\"><div class='download-content text-uppercase' style='color: #ffffff'>SCARICA la brochure in PDF<\/div><a target='_self' href='http:\/\/www.sincosrl.it\/download\/sinco_.pdf' class='btn btn-md btn-dark btn-shadow'>Download<\/a><\/div>[\/vc_column][\/vc_row]<\/p>\n","protected":false},"excerpt":{"rendered":"<p> &hellip;<\/p>\n","protected":false},"author":1,"featured_media":0,"parent":0,"menu_order":0,"comment_status":"closed","ping_status":"closed","template":"","meta":[],"_links":{"self":[{"href":"https:\/\/www.sincosrl.it\/ricondizionamento-serbatoi\/wp-json\/wp\/v2\/pages\/3111"}],"collection":[{"href":"https:\/\/www.sincosrl.it\/ricondizionamento-serbatoi\/wp-json\/wp\/v2\/pages"}],"about":[{"href":"https:\/\/www.sincosrl.it\/ricondizionamento-serbatoi\/wp-json\/wp\/v2\/types\/page"}],"author":[{"embeddable":true,"href":"https:\/\/www.sincosrl.it\/ricondizionamento-serbatoi\/wp-json\/wp\/v2\/users\/1"}],"replies":[{"embeddable":true,"href":"https:\/\/www.sincosrl.it\/ricondizionamento-serbatoi\/wp-json\/wp\/v2\/comments?post=3111"}],"version-history":[{"count":24,"href":"https:\/\/www.sincosrl.it\/ricondizionamento-serbatoi\/wp-json\/wp\/v2\/pages\/3111\/revisions"}],"predecessor-version":[{"id":3697,"href":"https:\/\/www.sincosrl.it\/ricondizionamento-serbatoi\/wp-json\/wp\/v2\/pages\/3111\/revisions\/3697"}],"wp:attachment":[{"href":"https:\/\/www.sincosrl.it\/ricondizionamento-serbatoi\/wp-json\/wp\/v2\/media?parent=3111"}],"curies":[{"name":"wp","href":"https:\/\/api.w.org\/{rel}","templated":true}]}}